+ 1 - (3 - 2)).
-3
What is the value of (1 - -2) + 0 - 7?
-4
(-2 - (3 + -4)) + (8 - 9)
-2
Evaluate -1 + 5 + (0 - 5).
-1
Calculate -5 - -7 - 7 - (-16 + 4).
7
Evaluate ((-7 - -6) + -4 - -5) + 5.
5
Evaluate (10 - 9) + -4 + 0.
-3
Calculate -5 + (6 + 16 - 13).
4
Calculate 2 + (-5 - (4 + -6)).
-1
Calculate -7 - (5 - (-3 + 12 + -6)).
-9
What is the value of 12 - 10 - (-3 + 2 + 0)?
3
Evaluate -5 - (-1 - 7 - (5 + -10)).
-2
Calculate -9 + (14 - ((-8 - -8) + 6)).
-1
Evaluate (1 - 6 - -11) + -1.
5
Calculate (-11 - 0) + -3 + 9 + 13.
8
Evaluate (-11 - (7 - 13)) + 3.
-2
What is the value of (-6 - -6) + 3 + -2 + 1?
2
7 + -13 + -2 + 10 + 3
5
Evaluate -1 + (7 - -2 - (0 + 6)).
2
What is 0 - (9 + -2 - 4) - -8?
5
Calculate -1 + (-6 - 5) + 4.
-8
What is 4 + (3 - 1 - (-1 - -3))?
4
(0 - (3 - 3)) + (2 - -1)
3
What is the value of (1 - 3) + 7 + 0?
5
0 + -3 - ((2 - -3) + -12)
4
What is 4 - 2 - -2 - -1?
5
What is (-367 - -373) + (-1 - (2 + 1))?
2
What is the value of -1 - (0 - -2) - 0?
-3
0 + 4 + -9 - -1
-4
-8 - 1 - (1 + -9)
-1
Calculate 3 + 3 + -6 + 1 + 2.
3
What is 9 + 0 + (-8 - 0)?
1
Evaluate -1 + 0 + 7 + -5.
1
8 - 4 - (-1 + 0 + 1)
4
What is -6 + (2 - 2) + 1?
-5
-1 + (4 - (-8 - -9))
2
(0 - 1) + (-102 - -103)
0
What is (-5 + -2 + 6 - 2) + -3?
-6
Evaluate (-2 - (-3 - -2)) + -3.
-4
(3 - -2) + 1 + -6 + -1
-1
What is -1 + 7 - ((1 - 5) + 6)?
4
Evaluate (-20 - -14) + 4 + 6.
4
-6 + 4 + (-3 - -1) + -1
-5
-5 + -1 + (5 - (-4 - -8))
-5
What is (-4 + 8 - 4) + (-4 - 0)?
-4
What is the value of 8 - (-13 - -12) - (5 - 1)?
5
What is -1 + 1 + -2 + 3 + -4?
-3
What is the value of 3 + -5 - (4 + -2)?
-4
-3 + -1 + 8 + 1
5
What is the value of -3 - (4 + -2 - (-1 + 5))?
-1
What is the value of 8 - ((3 - -9) + -6)?
2
5 + (-8 + 4 - -2)
3
Calculate (7 + -7 - 0) + -5.
-5
What is the value of 0 + (3 - -1) + -2 + -1?
1
Evaluate 1 + (-2 - (-10 - -5) - 3).
1
(-1 - -2 - 4) + -14 + 16
-1
Evaluate 4 + 7 + -14 + 2.
-1
Calculate -5 + 4 + -3 + 0.
-4
7 + (1 - 7) + 0 + -1
0
Calculate (10 - (0 - -11)) + -5.
-6
-2 - -7 - (-11 - -14)
2
What is 1 + 0 + 5 - 9 - -6?
3
Evaluate -7 - (0 + 2 - (-1 - -6)).
-4
Calculate (-6 - -1 - (-2 - -1)) + 3.
-1
What is the value of -1 + (6 - 3) - -3?
5
Calculate 1 + 0 + (-18 + 12 - -3).
-2
Calculate 3 - (4 + -4 + 3).
0
What is 2 + 1 - (-18 + 17)?
4
What is the value of (-3 - (-3 + -13)) + -7?
6
Calculate (-33 - -23) + 0 + 7.
-3
(0 - (1 - 1)) + 5 + -5
0
What is the value of (-1 - -1) + 5 - 6?
-1
What is the value of 2 - -2 - ((-6 - -14) + 2)?
-6
2 + 1 + 0 - 6
-3
-13 + (-6 - 5) + 22
-2
Evaluate (-9 - -14) + 5 - (9 - 4).
5
What is the value of 10 + 3 + -15 - -4?
2
Calculate 2 - -1 - (-1 + 1 + -1).
4
What is (2 - 5 - (-5 + 2)) + 1?
1
What is 1 + -1 + -1 + -8 + 9?
0
3 - (-3 + (2 - 2) - -4)
2
Evaluate 6 + 0 + (-16 + -10 - -14).
-6
Calculate -1 - (-4 + 2 - -4).
-3
3 + -3 + 5 + -5
0
Evaluate 44 + -46 - (-1 + 2 - -1).
-4
(0 - 3) + -8 + 5
-6
Evaluate 1 + 0 + -5 + 24 + -14.
6
What is the value of 3 + (3 - (8 - -6))?
-8
What is the value of 0 + 4 + (-77 - -77)?
4
1 - (5 - -5 - 4)
-5
What is ((-2 - 1) + 1 - -3) + 0?
1
What is the value of (-12 - -4) + -13 + 19?
-2
-7 + (-10 + 4 - -9)
-4
Calculate (-4 - -4) + 9 - 10.
-1
11 + 4 + -4 + -6 - 4
1
Calculate 0 - (-2 + 3 - 2).
1
What is 14 + (-8 - (2 - 4 - -1))?
7
2 + (4 - 12) - (-1 + 3)
-8
Evaluate 2 + -2 - (-4 - (-3 + -5)).
-4
What is 3 + (-2 + -3 - 10) + 3?
-9
-9 + (0 - (10 + -12))
-7
Evaluate (-9 - -2) + 38 + -35.
-4
-7 + 6 + -1 + 6
4
-1 - (-3 + 6) - 1
-5
-5 + 9 + -4 + 1 + 0
1
Evaluate 10 + -1 - (16 + -7).
0
What is (7 - 11) + (8 - 2) - 4?
-2
Calculate -3 + -5 - -4 - (4 + -7).
-1
8 + -18 + 13 + -10
-7
What is 4 + (-9 - -6) - (-7 - -9)?
-1
5 + (0 + 6 - (-1 - -7))
5
What is -7 + 0 + (1 - -2) + -1?
-5
What is the value of 2 + 0 + 1 + -17 + 10?
-4
Evaluate 11 + (-10 - (1 - -1)).
-1
(5 - (-2 + 6)) + 0
1
What is -14 + 3 + 4 + -1 - -18?
10
Evaluate 6 + 2 - (9 + 0).
-1
What is -1 + (-6 - (-4 + -7)) + -7?
-3
3 + -5 + 1 + 1 + 2
2
5 + -10 - ((0 - 2) + 0)
-3
Evaluate -1 + -1 - (8 - 4) - -2.
-4
What is -1 + 3 - (1 - -1)?
0
0 - 0 - -3 - -1
4
What is the value of -2 - -2 - (-2 - 3)?
5
What is -5 - 0 - (-29 + 23)?
1
(-10 - (0 + -11)) + 7
8
What is -3 - (1 + 4 + -8)?
0
Evaluate -1 + 5 + -12 + -2 - -5.
-5
Evaluate 7 - (0 + 3) - 6.
-2
-6 - (4 + -6 - -3) - -4
-3
Calculate (1 - 1) + 7 + -2 + -5.
0
What is the value of 4 + 5 - 10 - 2?
-3
What is the value of (-1 - ((1 - 7) + -2)) + -10?
-3
What is -61 - -56 - (-5 - 1)?
1
Calculate (9 - 10) + -3 + 9.
5
What is the value of (-61 - -45) + (-1 - (1 - 8))?
-10
Evaluate 13 + -2 + (11 - 18).
4
What is -5 + (-6 - (4 - 6)) + 1?
-8
Evaluate -9 + 14 + (-2 - -3).
6
Calculate -17 + 17 - ((10 - 3) + -2).
-5
Evaluate 5 + 6 + 2 + -9.
4
Evaluate -8 - (0 - 1 - (11 + 6)).
10
Calculate -15 + 4 + 5 + -1 + -1.
-8
Evaluate (1 + 0 - (2 + 1)) + 6.
4
What is the value of 5 - (2 - (1 + -2))?
2
Evaluate (-2 - -7) + -16 + 20 + -4.
5
0 - 5 - (-52 - -51)
-4
23 - 14 - (5 - 1)
5
What is 1 - (6 + (3 - 7) + -1)?
0
-1 - (4 - 11) - 1
5
-3 + (6 + -9 - -5)
-1
Calculate (13 - 8) + -1 + -3.
1
Evaluate -3 + 0 + 3 + -1.
-1
What is the value of (-2 - (1 - 0)) + 5 - -3?
5
What is the value of 5 + (4 - 10) + (-2 - 1)?
-4
What is the value of -14 + -11 + 4 + (2 - -11)?
-8
Calculate 0 + (-2 - 6) + 9.
1
What is the value of -2 + (4 - (1 - -2))?
-1
Evaluate -6 - ((-1 - 0) + -6).
1
What is 27 + -14 + -17 + 8?
4
Evaluate 3 - (-3 - (-9 - -4)).
1
Evaluate -3 - (74 - 73 - (8 + -1)).
3
Evaluate 3 + 1 + -5 + -1.
-2
What is (0 - 0) + 3 + -2 - 2?
-1
Evaluate -7 + 7 + -5 - -6.
1
Evaluate 5 - 2 - (18 + -24) - 3.
6
Calculate 10 - (17 - 5) - (-3 + 0).
1
What is the value of 214 - 201 - (12 + 1)?
0
Calculate 7 + -3 + (1 - (-3 - -6)).
2
Evaluate 5 + -7 + 7 + -16 + 0.
-11
Evaluate 4 + (8 - 10) + -11.
-9
Evaluate 3 + (-6 + 1 - -5).
3
What is the value of 2 + (-1 - -8) + -8?
1
What is the value of (22 - 14 - 17) + 6?
-3
Evaluate -3 + -8 + (7 - 0).
-4
What is the value of -4 - (2 + (2 - 3))?
-5
0 + 4 - 2 - 5
-3
What is the value of (-3 - 0) + 15 + -7?
5
Calculate (-8 + 6 - 7) + 8.
-1
-3 - (-16 + (6 - -1)) - 0
6
What is -4 + 2 + 9 + (-4 - 1)?
2
What is -2 + (-3 + -1 + 3 - 1)?
-4
Calculate (-4 + 4 - -2) + (5 - 2).
5
(-5 + 8 - (4 - -3)) + -1
-5
Evaluate -7 - -7 - (-1 + (-1 - 0)).
2
What is the value of 8 - ((10 - -8) + -1) - 2?
-11
-5 + 2 + (-4 - -5) + 2
0
-14 - ((6 - (-2 - -6)) + -6)
-10
Calculate 0 + 1 + 3 + -4.
0
-5 + (8 - (2 + 0)) + -2
-1
1 + -5 - -3 - (0 - 0)
-1
What is 0 - 2 - (-10 + 5)?
3
Evaluate -1 + 0 - (1 + -6).
4
Evaluate 2 + (-5 - (3 + -2)).
-4
1 - ((-3 - 1) + 4)
1
What is the value of -4 - (-12 + 4 + 4)?
0
What is the value of -5 + (1 - -10) - -2?
8
(5 + -5 - (-2 - -3)) + 3
2
What is the value of (-8 - 1) + 4 + 0?
-5
Calculate 2 + -4 + (8 - 9).
-3
What is -2 - (9 + -8 + -1)?
-2
Evaluate 4 + -6 + 8 + -10.
-4
Evaluate -1 + 9 - (-9 - -21).
-4
Evaluate (7 + -3 - 2) + -6.
-4
Calculate -3 - -1 - ((2 - -4) + -5).
-3
What is the value of -1 - (-2 - (-1 + 2))?
2
What is the value of 119 + -113 - (3 + -2 + 4)?
1
What is -5 + (72 - 56 - (4 + 1))?
6
What is (1 - -1) + (0 - 2) + -2?
-2
What is the value of 4 + -2 + (-2 - (-5 - -2))?
3
Evaluate 3 - (9 - (0 + 5)).
-1
7 + -7 + (-1 - -3)
2
Evaluate -4 + -2 + 6 + (-3 - -1).
-2
What is the value of (-1 - -2) + (12 - (9 - -4))?
0
What is the value of 7 + (-7 - (-5 + -1 - -3))?
3
What is 3 + 0 + (-16 - -13)?
0
Calculate 1 + -8 + 2 + 3.
-2
Calculate -2 + -12 + 18 + 3.
7
Evaluate (-36 - -36) + (1 - (-1 + 0)).
2
20 + -13 - (-3 - -8) - 8
-6
(5 - -2) + 0 + (2 - 6)
3
-11 + -5 + 6 + 14
4
Calculate -3 + 0 - (1 - 1).
-3
What is the value of 7 - (5 + -4 + 8 + -4)?
2
What is 2 + (-33 - -25) + (1 - 0)?
-5
What is the value of -3 + 1 - (-5 - 1)?
4
1 + 1 - 6 - -2
-2
Evaluate 10 + -3 + -6 + 5.
6
-4 - (1 + -2) - (324 + -332)
5
Evaluate -1 + 8 - (29 + -21).
-1
Evaluate 13 - (12 + -1 - 4) - 1.
5
Calculate -9 + 3 - -2 - -4.
0
Evaluate (5 - (0 + -5 - -5)) + -3.
2
(-5 - -5) + -3 + 8
5
What is the value of (1 - -3) + (3 - 4)?
3
What is the value of -3 + 2 - 1 - -1?
-1
Evaluate 3 + 6 + 5 + -14.
0
(-6 - (-7 - 0)) + (-9 - -2)
-6
Evaluate 0 + 4 + (-7 - -7).
4
What is -1 + -2 - (-4 - -1)?
0
4 + (-3 - (1 + -3 + 2))
1
Calculate -10 - -9 - (-11 - 2 - -4).
8
Calculate (3 - (-3 + 9 + 0)) + 3.
0
What is (8 + 1 - 17) + 4?
-4
5 + (2 - (13 + 6 - 4))
-8
Evaluate -2 - (2 + -6 -